hat is -10 - 112102002211000?
-112102002211010
In base 6, what is -1030040 + -2331?
-1032411
In base 9, what is -7 - 8418078?
-8418086
In base 8, what is 41040605 + 3?
41040610
In base 14, what is 1 + -16ba1510?
-16ba150d
In base 6, what is 31514 - -54023?
125541
In base 2, what is -10100101 - -110010000000110011?
110001111110001110
In base 11, what is 12 + -38587a?
-385868
In base 11, what is 536997 + 2a?
536a16
In base 4, what is 311203 - -13132?
331001
In base 13, what is -40b05 - -21?
-40ab4
In base 13, what is -5918 - 7410?
-10028
In base 4, what is -131301 + 12223320?
12032013
In base 2, what is 100111110001 + -1111010000010000?
-1110101000011111
In base 14, what is 203986 - 304?
203682
In base 11, what is 908585 - 1?
908584
In base 3, what is -1010101200 - 1011100?
-1011120000
In base 5, what is 0 + -302301113?
-302301113
In base 12, what is 138a + 1331?
26bb
In base 6, what is -2154 + -32004312?
-32010510
In base 12, what is 5 + -19b3b04a?
-19b3b045
In base 15, what is 481c4dd - 4?
481c4d9
In base 15, what is 2 + 272059ea?
272059ec
In base 15, what is 1c1590 - 3?
1c158c
In base 6, what is -4442050 - -1?
-4442045
In base 14, what is 85dc32 + -2?
85dc30
In base 10, what is 1026068 + -4?
1026064
In base 2, what is -10100101001110 + -100110100011?
-11001011110001
In base 9, what is -305434053 + 1?
-305434052
In base 11, what is 139 - 22982?
-22844
In base 15, what is -2d1e - -26a?
-2aa4
In base 16, what is 4 + -13195a7c?
-13195a78
In base 8, what is -165574 + 6?
-165566
In base 9, what is -453 + -105432?
-105885
In base 16, what is 7 + -13903f?
-139038
In base 3, what is 201 - 1011000011100?
-1011000010122
In base 4, what is -3 + -120101233?
-120101302
In base 14, what is 5 + -196985?
-196980
In base 14, what is 46a5 + 18b3?
6178
In base 2, what is 101 - -100110011001100101101111?
100110011001100101110100
In base 13, what is -2c6b + 2?
-2c69
In base 14, what is 0 - -60808b?
60808b
In base 15, what is -308b8a - -18?
-308b72
In base 2, what is -10111110101010001 - 1101100?
-10111110110111101
In base 3, what is 110 - 1020202001021?
-1020202000211
In base 4, what is 102310 + 11030011?
11132321
In base 4, what is -32102103 - -11113?
-32030330
In base 14, what is 8 - -180c06a?
180c074
In base 3, what is -11100 - -112000120112?
112000102012
In base 10, what is 2 + -424495?
-424493
In base 11, what is 2 - -7a77977?
7a77979
In base 3, what is -121122102000111021 + 1?
-121122102000111020
In base 13, what is 9b18 + 582c?
12647
In base 7, what is -3540364 + 10?
-3540354
In base 9, what is 4052 - -23428?
27481
In base 12, what is -a0776 + -81?
-a0837
In base 16, what is -2 - -3dd890?
3dd88e
In base 6, what is 442323 + -45?
442234
In base 5, what is 41333 + -1242323?
-1200440
In base 8, what is 12203 - 7076?
3105
In base 2, what is 1101101000000110110 + -101010010?
1101100111011100100
In base 8, what is 115725 - -44?
115771
In base 16, what is -5 + 1a31fc?
1a31f7
In base 7, what is 1500655 - -44?
1501032
In base 11, what is 63298099 - 5?
63298094
In base 14, what is 3d2089 + d?
3d2098
In base 4, what is 301023022 - -303?
301023331
In base 16, what is 2 - -d67daa?
d67dac
In base 10, what is -5 - -1279596?
1279591
In base 3, what is 2012 - -110020210021?
110020212110
In base 11, what is -323 - 772?
-a95
In base 10, what is 140 + -55290?
-55150
In base 3, what is -2122212 + 10101111?
201122
In base 15, what is -5360e7 + 6?
-5360e1
In base 6, what is 2255 + -5015245?
-5012550
In base 8, what is 26 - -5455746?
5455774
In base 2, what is 101 - -10111101110111001110001011111?
10111101110111001110001100100
In base 14, what is -14730b8c + -1?
-14730b8d
In base 3, what is 10022 - -1020121022210?
1020121110002
In base 3, what is -111 + -12021100122012012?
-12021100122012200
In base 3, what is 10100101111 + 1101?
10100102212
In base 6, what is -255335225 + 4?
-255335221
In base 3, what is -12011020011000 + 0?
-12011020011000
In base 16, what is -7 + -4a9b6?
-4a9bd
In base 8, what is -4041 - 11420?
-15461
In base 4, what is 302330 - 31033?
211231
In base 14, what is 12109 - 18d?
11d5a
In base 11, what is 5 - -21688?
21692
In base 14, what is 16ac9 + 1b8?
16ca3
In base 10, what is 6146 + -27150?
-21004
In base 10, what is -86686 - -344?
-86342
In base 16, what is -5f06d4 + -1?
-5f06d5
In base 11, what is 7670 + -a33?
6738
In base 2, what is 101 + -1100010000010110100011111?
-1100010000010110100011010
In base 5, what is -200111244 - -1142?
-200110102
In base 6, what is -350 + -23155050?
-23155440
In base 5, what is 100 + 40421423?
40422023
In base 3, what is 101110112 + 102201101?
211011220
In base 16, what is 1d8 + 13089?
13261
In base 16, what is 35b9ca + -3?
35b9c7
In base 4, what is 303031 + 2000?
311031
In base 7, what is 3650544 + -16?
3650525
In base 11, what is -132615 + 277?
-132349
In base 3, what is 112 - 100200022200?
-100200022011
In base 13, what is 32 + 11c7668?
11c769a
In base 13, what is -119292631 + 0?
-119292631
In base 10, what is 2 - -11894470?
11894472
In base 2, what is -10011000011111 + -110001111101?
-11001010011100
In base 6, what is -251443 - 32503?
-324350
In base 14, what is -18dd - ca8a?
-10589
In base 3, what is 12 - -2001100012000221?
2001100012001010
In base 4, what is 1232311 + 2312333?
10211310
In base 10, what is 562558 + 6?
562564
In base 12, what is 2 - 18860?
-1885a
In base 9, what is -75086 - 133?
-75230
In base 6, what is -102 + -34152312?
-34152414
In base 8, what is -1207 + -516161?
-517370
In base 11, what is -14551 - -150?
-14401
In base 16, what is 1c794 - b?
1c789
In base 5, what is 4134141202 - 0?
4134141202
In base 7, what is 12540611606 + -3?
12540611603
In base 4, what is -113031 + 3003313?
2230222
In base 10, what is -602 - -535500?
534898
In base 11, what is 2671 - 1748?
a24
In base 9, what is -16074 - 334?
-16418
In base 15, what is 421850 + 0?
421850
In base 6, what is -13451241 - 2?
-13451243
In base 10, what is -248 + 201689?
201441
In base 5, what is 112140022423 + 3?
112140022431
In base 5, what is 0 - 10210040423?
-10210040423
In base 2, what is -101100010010001 + -1010011?
-101100011100100
In base 2, what is 101 + -10111100010100011001101011?
-10111100010100011001100110
In base 13, what is 7 + 33a41b52?
33a41b59
In base 14, what is 0 - 6cd2ad?
-6cd2ad
In base 6, what is 1331412 + 23?
1331435
In base 2, what is -1 - -10110010000110011?
10110010000110010
In base 15, what is -cc7e - -113?
-cb6b
In base 7, what is -31424245 + 1?
-31424244
In base 11, what is 5 - 2767524?
-276751a
In base 2, what is 1011000000 - 11001101?
111110011
In base 15, what is -3b1d - 79?
-3b97
In base 5, what is 13 + 102341232212?
102341232230
In base 10, what is -3 + -24785060?
-24785063
In base 7, what is 241305366 - -4?
241305403
In base 11, what is 14 + 164951?
164965
In base 14, what is 5 + -18b58065?
-18b58060
In base 9, what is 136 + 326400?
326536
In base 7, what is 11535335 + 2232?
11540600
In base 3, what is 101221122111 + 102?
101221122220
In base 4, what is 103 + -231032232?
-231032123
In base 13, what is 239040 + -7a?
238c93
In base 8, what is 1561 + -24212?
-22431
In base 9, what is 1 + 32272820?
32272821
In base 10, what is 15 + 1221352?
1221367
In base 16, what is -3910 - 377?
-3c87
In base 8, what is 10163354 + 14?
10163370
In base 15, what is -265dbb - 16?
-265dd2
In base 12, what is aaba - -450?
b34a
In base 16, what is -5a + 353e9?
3538f
In base 3, what is 10210111110212112 - 10?
10210111110212102
In base 10, what is -2 - -686236?
686234
In base 10, what is -5 + 17824168?
17824163
In base 16, what is 32c332 + 1?
32c333
In base 2, what is 1000001 + -1001101100111?
-1001100100110
In base 16, what is -111ca9b + 7?
-111ca94
In base 14, what is -2 + -764081?
-764083
In base 15, what is 7 + 26734e9?
2673501
In base 6, what is -4 + -1501230100?
-1501230104
In base 5, what is -103142 + -242232?
-400424
In base 5, what is 212413340 - 2?
212413333
In base 7, what is 15604214 + 22?
15604236
In base 2, what is -10111101000010101001 - 111011?
-10111101000011100100
In base 4, what is -10 - 212331203030?
-212331203100
In base 16, what is f61ee14 - -1?
f61ee15
In base 10, what is 1 + 165073?
165074
In base 16, what is -ab15 + 5?
-ab10
In base 9, what is 8 - -36112505?
36112514
In base 2, what is -110000010110011000011 + 1000?
-1